 highest common divisor of 33 and n.
33
Let t be 232/44*3 - 4/(-22). Suppose 1 + 3 = g. Calculate the greatest common divisor of t and g.
4
Suppose -2*b + 117 = b. Let g(c) = 2*c**2 - 7*c + 6. Let i be g(6). Let j = -23 + i. Calculate the greatest common divisor of b and j.
13
Let n be 20/6*(-24)/(-20). Let s be (43 - (-8)/n)/1. Calculate the highest common factor of 18 and s.
9
Suppose 3*k + 423 = 5*j, 2*j - 2*k = -j + 253. Let z be j/6 - 5/10. Calculate the highest common factor of 35 and z.
7
Let o be (-6)/39 - 654/(-26). Suppose -4*s = 7*z - 2*z - 58, 0 = 3*z - 4*s - 22. What is the highest common factor of o and z?
5
Let k = 39 + -28. Let q(t) = 2*t**3 - 6*t**2 - 6*t + 7. Suppose -a - o - 22 = -6*a, o = a - 2. Let p be q(a). Calculate the greatest common divisor of p and k.
11
Let n be 2 - (-40)/(16/4). Calculate the greatest common divisor of n and 96.
12
Let v = 10 - -8. What is the highest common divisor of 27 and v?
9
Let p = 67 + -64. Calculate the highest common factor of 39 and p.
3
Let x = 252 - 213. Let h = 3 + 23. Calculate the greatest common divisor of h and x.
13
Let f = 9 + -13. Let n = -8 + 10. Let y be (-54)/(-4) + n/f. Calculate the highest common factor of 13 and y.
13
Suppose -u - 11 = -o, 0 = -3*o - 4*u + 23 + 3. Suppose -3*i - 5*c = -o, 32 = -4*i + 3*c + 84. Calculate the highest common factor of 30 and i.
10
Suppose 0 = -5*j + 3 + 12. Suppose -j*l + 6*l - 444 = 0. What is the highest common divisor of 37 and l?
37
Suppose 0 = 3*z - 4*m - 34, z + 0*z + 2 = -2*m. Let b be 21/z*(-2)/(-1). Let o be -2 + (-9)/(-4) + 975/20. What is the highest common divisor of b and o?
7
Suppose 0 = -3*s + 4*v + 118, 2*v + v = -3. Let q(g) = g**3 + 11*g**2 + 9*g + 9. Let i be q(-10). Calculate the highest common divisor of s and i.
19
Let s(x) = -x**2 - 10*x - 4. Let r be s(-7). Calculate the highest common divisor of 136 and r.
17
Let h be 4/2*1 + -5. Let m be (-7)/h + 10/15. Calculate the highest common factor of m and 3.
3
Suppose -4 - 1 = -l. Let c(b) = b + 5. Suppose y + 3*j = 0, -2*j = y + 2*j. Let k be c(y). What is the greatest common factor of k and l?
5
Let j = -76 + 106. Let c(s) = -3*s - 16. Let d be c(-12). What is the highest common divisor of d and j?
10
Suppose -16 = -4*y, 2*z - y - 48 = -2*z. What is the greatest common factor of 104 and z?
13
Let i = 37 + -15. Let k(h) = -h**3 + 4*h**2 - 3*h. Let a be k(2). What is the greatest common factor of i and a?
2
Let i be (180/(-24))/(6/(-80)). What is the highest common divisor of 40 and i?
20
Suppose 4*m - 30 = -m. Suppose m*i - 3 = 3*i. Let y(x) = 7*x**3 - x**2 + 1. Let h be y(i). What is the greatest common factor of h and 7?
7
Let b = -7 - -8. What is the highest common factor of 5 and b?
1
Let z be (27/45)/(2/10). Calculate the greatest common factor of 9 and z.
3
Let b = 103 + -51. What is the greatest common divisor of b and 39?
13
Suppose 0 = o + 2*w - 20, o - 29 = -w - 9. Suppose 8*n = 3*n - o, -42 = 2*k + 4*n. Let j = 52 - k. Calculate the highest common factor of j and 13.
13
Suppose 0 = -r + 3*c + 3, 0 = 4*r + 4*c - 63 + 3. Suppose 8*l - 3*l - 4*m = 648, -5*l = 5*m - 675. What is the highest common divisor of r and l?
12
Suppose -12*c + 9*c + 18 = 0. Suppose 5*b - 24 = b. What is the greatest common factor of c and b?
6
Suppose -5*f + 2*f = -270. Suppose 0*g = 5*g - f. What is the highest common factor of 2 and g?
2
Let i be -2 - -4 - 6/(-1). Let f(k) = -k**2 + 9*k - 8. Let z be f(i). Suppose 5*a - 40 = -z*a. What is the highest common divisor of a and 20?
4
Let g be 1104/10 - 4/10. What is the greatest common divisor of 44 and g?
22
Suppose -j - 5 = 3*j - z, -2*j + 2*z = 10. Suppose 4*k = 302 + 298. Suppose j*p - 5*p = -k. What is the highest common divisor of 12 and p?
6
Let t = 5 + -1. Let d be 190/(t + -2) - 2. Let u = d + -55. Calculate the greatest common factor of u and 57.
19
Let c be ((-3)/(-6))/(1/12). Let f = -5 + c. Suppose -5*y = -2*g - 186, -g = f + 2. Calculate the highest common factor of y and 4.
4
Suppose -180 = -9*a + 6*a. Let r(j) be the second derivative of j**4/12 - 2*j**3/3 + 2*j. Let o be r(6). What is the greatest common factor of o and a?
12
Let f be ((-7)/9 - 4/18)*-36. Calculate the highest common factor of f and 54.
18
Suppose 88 = 4*t + 4. Calculate the highest common divisor of 3 and t.
3
Suppose -5*q = -6*q + 78. Suppose 5*f = 192 + q. What is the greatest common factor of 6 and f?
6
Let b = -2 + -6. Let j = b + 30. Calculate the greatest common factor of 2 and j.
2
Let o = -16 - -18. Suppose 5*s - 21 = 4*w, 4*s + 0*s + o*w = 22. What is the greatest common factor of 35 and s?
5
Let j = -253 - -357. Calculate the highest common divisor of 16 and j.
8
Suppose -4*c + 31 = -3*c - 3*j, 3*j = 5*c - 95. Calculate the highest common factor of 80 and c.
16
Suppose -5*w - 5*q + 10 = 0, 0*w - 2*q = 4*w. Let n be 1196/10 + w/(-5). Suppose -l - 30 = -3*l. What is the highest common factor of l and n?
15
Let u = -3 + 15. Calculate the greatest common factor of u and 30.
6
Let n = -10 - -15. Let d = 16 - 24. Let x be (-20)/n*10/d. What is the greatest common divisor of x and 55?
5
Suppose -8 = -5*a + a. Let l be 10*(a + 3 + -3). Let t(z) = -z + 4. Let y be t(-6). Calculate the greatest common divisor of y and l.
10
Suppose -n + 35 = 2*z - 52, -3*n - 61 = -z. What is the highest common divisor of z and 115?
23
Suppose -3*z - 3*k + 99 = 0, k + 2*k - 163 = -5*z. What is the greatest common factor of 4 and z?
4
Suppose -b = 1, -f = 2*b + 2*b - 283. Suppose -3*v - 357 = -5*w, 4*v - f = -3*w - 67. Calculate the highest common factor of 18 and w.
18
Suppose 3*k - 70 = -34. What is the highest common factor of 18 and k?
6
Let f = -11 + -6. Let w = -6 - f. What is the highest common divisor of w and 22?
11
Let y be (6/12)/((-1)/(-10)). Suppose -y*f = -4*f - 14. Calculate the greatest common divisor of 112 and f.
14
Let u = -46 + 93. Suppose 4*j - 3*r = u, r + 40 = 2*j + 5*r. Calculate the greatest common factor of j and 56.
14
Let v = 0 - -4. Let f be 45/(-20) + 1/v. Let a(u) = -5*u - 1. Let y be a(f). Calculate the highest common divisor of y and 6.
3
Let m be (-2)/(-6) + 526/6. Let c(y) = y**2 + y. Let g be c(-3). Suppose 7*r - g*r - 11 = 0. Calculate the greatest common divisor of m and r.
11
Let y(i) = 17*i**2 + 1. Let q be y(1). Calculate the highest common factor of 3 and q.
3
Suppose -18*q + 1841 - 707 = 0. What is the greatest common factor of q and 27?
9
Let q = 0 - 2. Let s be 0 + (25 - q - -2). Calculate the greatest common factor of 261 and s.
29
Let d = -12 + 52. Calculate the highest common factor of d and 16.
8
Let v be ((-11)/(-4))/(1/32). Suppose -k = 4*a - 4*k - v, 4*k - 88 = -4*a. What is the greatest common divisor of a and 44?
22
Suppose 0 = 2*u + 43 - 95. Suppose 3*o + 2*b = -136 + 2090, 2*o = 5*b + 1271. Let l = o - 440. Calculate the highest common factor of l and u.
26
Suppose 46 = p + 2*k, -5*p + 0*k + 195 = 3*k. What is the highest common factor of p and 18?
18
Suppose 6*w - 24 = 2*w. Suppose 536 = 21*x - 346. Calculate the greatest common factor of x and w.
6
Let a = -21 - -101. What is the greatest common divisor of a and 16?
16
Let o = 45 - 42. Calculate the highest common factor of o and 30.
3
Suppose 2*x + 4*z - 24 = 6*z, -3*x + 32 = -z. What is the highest common divisor of x and 90?
10
Let l = 28 - 24. Calculate the highest common factor of l and 36.
4
Suppose 0 = 3*z + 3, -3*z = -3*b - 9 + 39. Suppose 4*u = 4*r - 4, r - b = -u - 3*r. What is the highest common divisor of 3 and u?
1
Let v be 5*((-46)/(-15) + (-12)/18). Calculate the greatest common factor of 6 and v.
6
Suppose -2*v - 7 = -s, 4 = -2*s + 2*v + 22. Let b(l) = l**2 + l + 33. Let i be b(0). Calculate the greatest common divisor of s and i.
11
Let r = -46 + 67. Let o = 250 + -82. Calculate the greatest common divisor of o and r.
21
Suppose -5*w + 14 = 3*q, 3*w = -4*q - w + 32. Let j = 48 - -85. Suppose 0*x - 5*v = -2*x + 214, 0 = x + 4*v - j. What is the greatest common factor of x and q?
13
Let h = -2 - -4. Let d = 4 - 4. Suppose 4*a + 110 = 5*s, h*a + d*a = -s + 22. What is the greatest common divisor of s and 55?
11
Let g(k) = -2*k + 1. Let m be g(-12). What is the highest common divisor of 10 and m?
5
Suppose 18 = -4*c + 58. Let o(m) = m + 5. Let s be o